ive y(2).
-3
Let h(x) be the third derivative of -x**7/5040 - x**6/144 - 3*x**5/10 - 2*x**2. Let m(s) be the third derivative of h(s). What is m(-8)?
3
Let n(k) = 7*k - 14. Let d be n(-5). Let h = d - -51. Let u(g) be the first derivative of 2*g**2 - 2*g + 8. Calculate u(h).
6
Let z = 42 + -51. Let y(w) = -w**2 - 3*w + 7. What is y(z)?
-47
Let x be 2 + (16/(1 - -3) - 3). Let o be ((-3)/(-2) - -2)*(-5 + x). Let y(l) = -l - 2. Determine y(o).
5
Let d(u) = 6 - u**2 - 11 - 5*u + 3 + 5. Suppose r = -0*r - 4. Determine d(r).
7
Let g(f) = 50*f - 3 - 52*f + 0. Give g(-8).
13
Let r(v) = v + 2. Let o be r(-2). Let z = 2 - o. Let u(b) = -z*b - 2*b + 3*b**2 + 3*b + 2*b**2. Give u(-1).
6
Let d(c) be the first derivative of -c**4/12 + 11*c**3/6 + 3*c**2 + 5*c + 27. Let s(v) be the first derivative of d(v). Determine s(11).
6
Let a(z) be the first derivative of z**7/840 + z**6/360 - z**5/40 + z**4/12 - 23*z**3/3 - 5. Let t(i) be the third derivative of a(i). Determine t(2).
8
Let o(m) = -2*m + 1. Let y be 1*(-7*2)/(-2). Suppose 0 = 3*h - 0*n - n + 26, 23 = -3*h + 4*n. Let i = y + h. Give o(i).
5
Let v(x) = -x**3 + 4*x**2 - 4*x + 5. Suppose -19 + 51 = 8*k. Determine v(k).
-11
Let s(d) be the third derivative of -d**6/120 - 2*d**5/15 - 7*d**3/6 - 2*d**2 + 302. Let p = -28 + 20. Determine s(p).
-7
Let z be (0 - (-5 - -2)) + -2. Let t = z + -1. Let n(p) be the third derivative of -p**4/24 - 5*p**3/3 - p**2 + 75*p. Determine n(t).
-10
Let x(r) = r**3 - 5*r**2 - 2*r - 7. Let j(f) = -f**3 + 1. Let o(b) = 2*j(b) + x(b). Suppose 4*c - 30 = 5*q + 4, -28 = 4*q - 4*c. Let m = 2 + q. Give o(m).
-13
Let s(b) = -3*b**2 - 11*b**2 - 3*b**3 + 679 - 684 + 2*b**3. Give s(-14).
-5
Let c be (-4 + -2)*(-25)/10. Suppose -13*v = -18*v + c. Let t(a) = 22*a**v - 2*a**2 + 1 - a + 5*a**2 - 21*a**3. What is t(-3)?
4
Let v(d) = 2*d**2 + 24*d + 7. Let u(x) = -8*x - 27. Let f be u(-2). Determine v(f).
-15
Let d(u) = -40*u**2 + 11*u**2 - 3 - 2*u + 30*u**2. Give d(-2).
5
Let k(p) be the third derivative of p**4/24 + p**3/6 + 2*p**2. Let l = -521 + 520. What is k(l)?
0
Let z(w) = 4*w**3 + 31*w**2 - 59*w - 7. Let b(u) = u**3 + 11*u**2 - 19*u - 2. Let g(x) = 7*b(x) - 2*z(x). Calculate g(14).
-14
Let d(z) = z**3 + 7*z**2 - 2. Let q = -637 - -630. Calculate d(q).
-2
Suppose -26 = -2*p + 5*i - 6, 0 = i. Let a(t) = -6 + p + t + 2*t - 4*t. What is a(0)?
4
Suppose -3*q = -a - 5 - 39, 5*q + a = 68. Let c(l) = -l + 1. Calculate c(q).
-13
Let r be (0 - 0)/(-3 + 1). Let g be (1 + r)*(3 + -9). Let a(u) = u - 14. Let n(p) = 5*p - 57. Let z(w) = -9*a(w) + 2*n(w). Give z(g).
6
Let v(o) = -o**3 - 5*o**2 + 2*o + 5. Let t be (10/8)/((0 - -2)/(-8)). Calculate v(t).
-5
Let o(f) = 3*f**2 + f. Let d be o(-2). Let s(a) = -16 + 15*a - 106*a + 18*a + 74*a. Give s(d).
-6
Let o be (24/(-18))/((1 - 3)/(-6)). Let t(y) = 3*y + 5. What is t(o)?
-7
Suppose 5 = -16*p + 17*p. Suppose 4*v - 3 = -5*h + 11, -v + p = 2*h. Let s(j) = -10*j**3 + j**2 - j. What is s(v)?
-10
Let t(u) = 181*u - 188*u + 1 - 6 - 2. Determine t(-2).
7
Let w = 20 + -9. Let b = 8 - w. Let g(z) = z**2 + 3*z**2 - 2 - 4*z - 5*z**2 + 0*z**2. Give g(b).
1
Let v = 186 + -128. Let p = -56 + v. Let x(o) = -o**2 + o - 1. Give x(p).
-3
Let n = 47 + -43. Suppose n*d = -5*x + 39, 2*x + 5*d = -0*x + 19. Let h(l) = l + 4. Give h(x).
11
Let d(i) = -2*i + 3. Let x(k) = 4*k + 6. Let l(b) = 5*b + 7. Let s(j) = 3*l(j) - 4*x(j). Let r be s(-5). Give d(r).
-1
Let p(n) = 5*n - 4*n + 145 - 150. Calculate p(4).
-1
Let j(d) = -3*d**2 + d - 2. Suppose -67*t = -66*t - 2. Calculate j(t).
-12
Suppose -x - w - 9 = -0*w, -x + 7 = -3*w. Let u(q) be the first derivative of -q**4/4 - 4*q**3/3 + 2*q**2 + 2*q - 62. Determine u(x).
7
Let m(h) = -10*h**2 - 19*h - 5. Let c(q) = 7*q**2 + 13*q + 3. Let y(f) = 7*c(f) + 5*m(f). Let z be y(0). Let t(n) = -n**2 - n - 3. What is t(z)?
-15
Let b(o) be the third derivative of -o**6/120 + o**5/15 - o**4/24 + o**3/3 + 44*o**2. Let c(t) = t**2 - t + 4. Let r be c(0). What is b(r)?
-2
Let r = 8 + 1. Let p be 6/(r/21*(-14)/4). Let q(n) = -n**2 - 3*n + 4. Calculate q(p).
0
Let r(n) = -5*n - 8. Let o(p) = p**3 + 10*p**2 + 21*p - 12. Let g be o(-6). Determine r(g).
-38
Suppose -67*b = -63*b. Let i(q) = -6*q + 1. Let o be i(b). Let n(g) = 7*g**3 - g**2 + g. Give n(o).
7
Let r(i) = 3*i - 1. Let c(m) = -8*m + 4. Let y(v) = 4*c(v) + 11*r(v). Determine y(-5).
0
Let x(j) = 9*j**3 - 4*j**2 - 4*j + 7. Let s(q) = -49*q**3 + 19*q**2 + 20*q - 36. Let f(g) = -2*s(g) - 11*x(g). What is f(6)?
19
Let w(g) = 2*g + 14. Let l(q) = q**3 + 29*q**2 + 34*q + 160. Let p be l(-28). What is w(p)?
-2
Let i = -4 + 4. Suppose 1 = 2*t - 5, i = -3*s + 5*t - 15. Suppose -2*o - 4 = -4*k - 0, 4*o - 3*k + 3 = s. Let p(q) = q + 12. Determine p(o).
12
Let b be 20/(-8)*(3 + -1). Let r = b - -5. Let s(d) = 4 + r*d - 4*d + d. Give s(3).
-5
Let b(w) = -2*w + 7. Let m(o) = -o**2 + 3*o + 3. Let i be m(2). Suppose i*k = -0*k + 10. Let a = 3 + k. Give b(a).
-3
Let l(w) = -5*w**2 + 3*w + 1. Let d be l(-3). Let x = d - -50. Let v(m) = 2*m**2 + 5*m + 3. Determine v(x).
6
Suppose 4*y - 4*i + 8 = 0, y = 3*y + i + 16. Let o(g) = -g**3 - 7*g**2 - 5*g - 2. Determine o(y).
-8
Suppose -m - d = 4*m - 180, -3*m + 90 = -3*d. Let j = m + -31. Let i(x) = -2*x**2 - 4*x + 3*x**2 + 5 - 2*x**2 - j. Determine i(-5).
-4
Let q(r) = 13*r**3 - 11*r**2 - 4*r + 1. Let k(h) = -11*h**3 + 10*h**2 + 3*h - 1. Let y(d) = -7*k(d) - 6*q(d). What is y(-5)?
11
Let j(b) = -b - 1. Let c = 13 - 10. Suppose 2*r - 13 = -c*i - 1, 4*i = r + 16. Let o be i/(-3*(-16)/36). Determine j(o).
-4
Let w(k) be the second derivative of -k**3/2 + k**2/2 - 2*k. Let j(b) = 2*b - 1. Let i(u) = 11*j(u) + 6*w(u). What is i(4)?
11
Let i(h) = h**2 + 4*h - 2. Let o be (2/(-3))/(4*(-1)/(-114)). Let s = 14 + o. What is i(s)?
3
Let x(v) be the second derivative of -v**8/6720 + v**7/504 - v**6/360 - v**5/120 - 5*v**4/3 + 51*v. Let w(c) be the third derivative of x(c). Determine w(4).
7
Let s be -1 - 0/(4/(-4)). Let l be (-1 + (4 - 3))/s. Suppose l = -4*z + y + 4, 5*z - y - 7 = -2. Let g(m) = -8*m + 1. Calculate g(z).
-7
Let a(k) = -k**2 - 10*k - 5*k**2 - 9 + 5*k**2 + 8. Give a(-10).
-1
Let c(v) = 499 + 455 - 954 + 10*v. Let p = -4 - -3. Determine c(p).
-10
Let x(g) = -g**2 - 6*g - 7. Let i be x(-3). Let r(b) = -2 + i*b - 4*b + 4 + b. What is r(-6)?
8
Let d be 5*(-5)/(-25) - -5. Let v(b) = -5 - 357*b**3 + d*b + 1 + 7*b**2 + 358*b**3 + 6. Calculate v(-6).
2
Let z(i) = 2*i**3 - i**2 + 3*i + 1. Let u be 26/(((-25)/(-15))/(5/6)). Suppose -3*j - 9 = -o, 0*j - 5*o = j - u. Give z(j).
-25
Let r be (-10)/4*4/(-5). Suppose -3*y - 23 = -4*p, -p - r*y = -4*p + 17. Let v(x) = 0*x + 2 - 9 + 1 - 2 + x. What is v(p)?
-3
Suppose 2*z = 3*q - 2*z - 34, 2 = -2*z. Suppose 16*p - q = 14*p. Suppose 0 = 4*u + p + 3, -6 = -w + 5*u. Let m(f) = f**3 + 4*f**2 + 2*f - 5. What is m(w)?
-13
Let l = -18 - -13. Let f(w) = -3 + 13 + 0 + 0 - w. Let d(a) = -a + 1. Let u(n) = -3*d(n) + f(n). Calculate u(l).
-3
Let j be (-88)/(-32) - (-2)/8. Let k(w) = -3*w**2 - 1 + 2*w**2 - j*w + 5*w**3 - 3*w**3. Determine k(-2).
-15
Let c(z) be the third derivative of -z**5/60 + 2*z**3/3 + 168*z**2. Suppose 3 = y - 1. Suppose h - 18 + 0 = -5*b, -27 = -5*b - y*h. Determine c(b).
-5
Let u(m) = -2*m**2 + 231603 + m**2 - 231607. Suppose 0 = 4*j + 2 + 6. Let c = j + 5. Determine u(c).
-13
Let r(c) be the second derivative of -3/2*c**2 + 1/3*c**4 - 1/20*c**5 - 6*c + 1/6*c**3 + 0. Let f be (-30)/(-9)*6/5. Calculate r(f).
1
Suppose 0 = 5*f - 2*f - 12. Let i(t) = 10*t + 0 + t**2 + 4 - f*t + 0. Determine i(-4).
-4
Let i(j) = -j**2 + 3*j + 2. Let u be i(3). Let g(b) = 2*b - 6 + b**u + 2 + 0. Let n(o) = o**3 + 8*o**2 + 7*o + 51. Let q be n(-8). Give g(q).
11
Let x(r) = -8*r + 6. Let y(t) = -2 - 998*t + 1 + 999*t. Let k(v) = x(v) + 5*y(v). What is k(2)?
-5
Let d(b) be the second derivative of -3*b**5/10 - b**4/12 + 2*b**3/3 + 2*b**2 + 15*b. Let w be d(-1). Let g(s) = s**3 - 5*s**2 + 3. Determine g(w).
3
Let k = 405/1636 + 1/409. Let b(u) be the first derivative of -1/2*u**2 + u - k*u**4 - 4/3*u**3 + 10. Give b(-4).
5
Let c(i) be the first derivative of -i**6/120 + 7*i**5/60 - i**4/4 - 5*i**3/6 - 5*i**2/2 + 11. Let b(z) be the second derivative of c(z). Determine b(6).
-5
Let o(s) = -s**2 + 4*s + 4. Suppose -22*i + 192 = 10*i. What 